{"id":267,"date":"2023-06-20T17:00:24","date_gmt":"2023-06-20T15:00:24","guid":{"rendered":"https:\/\/keylegal.be\/?post_type=lawyer&#038;p=267"},"modified":"2023-09-19T12:14:11","modified_gmt":"2023-09-19T10:14:11","slug":"louise-tonnelier","status":"publish","type":"lawyer","link":"https:\/\/keylegal.be\/fr\/lawyer\/louise-tonnelier\/","title":{"rendered":"Louise Tonnelier"},"excerpt":{"rendered":"<p>Louise TONNELIER est inscrite \u00e0 l&rsquo;Ordre francophone du Barreau de Bruxelles depuis le mois de d\u00e9cembre 2015, date \u00e0 laquelle elle a rejoint notre \u00e9quipe. Pr\u00e9sentant un int\u00e9r\u00eat particulier pour le droit du travail, elle assiste les particuliers et employeurs dans tous les\u2026<\/p>\n","protected":false},"featured_media":268,"template":"","class_list":["post-267","lawyer","type-lawyer","status-publish","has-post-thumbnail","hentry"],"acf":[],"_links":{"self":[{"href":"https:\/\/keylegal.be\/fr\/wp-json\/wp\/v2\/lawyer\/267","targetHints":{"allow":["GET"]}}],"collection":[{"href":"https:\/\/keylegal.be\/fr\/wp-json\/wp\/v2\/lawyer"}],"about":[{"href":"https:\/\/keylegal.be\/fr\/wp-json\/wp\/v2\/types\/lawyer"}],"wp:featuredmedia":[{"embeddable":true,"href":"https:\/\/keylegal.be\/fr\/wp-json\/wp\/v2\/media\/268"}],"wp:attachment":[{"href":"https:\/\/keylegal.be\/fr\/wp-json\/wp\/v2\/media?parent=267"}],"curies":[{"name":"wp","href":"https:\/\/api.w.org\/{rel}","templated":true}]}}

<p>Louise TONNELIER est inscrite à l&rsquo;Ordre francophone du Barreau de Bruxelles depuis le mois de décembre 2015, date à laquelle elle a rejoint notre équipe. Présentant un intérêt particulier pour le droit du travail, elle assiste les particuliers et employeurs dans tous les…</p>
